 be (5 + -3 + -1)*2. Suppose 2*a = -w*k + 8 + 54, 5*k - 162 = 2*a. What is the greatest common divisor of 80 and k?
16
Let k(h) = h**3 - 3*h**2 - h - 5. Let y be k(4). Let u(o) = 4*o**2. Let s be u(-1). Suppose -s*c - 14 = -6*c. What is the greatest common divisor of y and c?
7
Suppose v - 14 = -4. Calculate the greatest common factor of 30 and v.
10
Let v(d) = -10*d**3 + 2*d**2. Let g be v(-2). Suppose -7 + 26 = 2*q + s, -5*q - s = -52. What is the greatest common factor of q and g?
11
Let o = 4 + -9. Let r be ((-4)/o)/(5/150). Let l(j) = j**2 + 2*j + 1. Let y be l(-7). What is the highest common divisor of r and y?
12
Let q(u) = 3*u - 5. Let a be q(6). Let w be (-1 + 0)*(-2)/(-2). Let t be -117*(w - (-1 + 1)). What is the greatest common divisor of t and a?
13
Let o(t) = -t**3 + 8*t**2 + 10*t - 6. Let c be o(9). Suppose 48 = c*p - 0. Suppose 0*s - s + p = 0. Calculate the highest common divisor of 40 and s.
8
Suppose -31*l + 34*l - 33 = 0. What is the greatest common factor of l and 11?
11
Let y(j) = -j**2 + 6*j + 3*j**2 - 3*j**2 + 9. Let b be y(7). Calculate the highest common divisor of 4 and b.
2
Suppose -4*i + 2*l = 4*l - 24, -l = 4*i - 28. Suppose -10*r = -i*r - 26. What is the greatest common divisor of r and 104?
13
Suppose -2*v + 291 = -o, -v = -2*o + 6*o - 132. What is the highest common factor of 16 and v?
16
Let r(w) = w**3 - w + 135. Let j be r(0). Suppose j = 5*v + 5*n, 3*v - n - 59 = 10. Calculate the greatest common factor of v and 60.
12
Let i be -3*1/3*(-138)/6. What is the greatest common divisor of i and 115?
23
Suppose -3*d + 11 = -0*b - b, -2*b - 16 = -3*d. Let r(c) = 7*c**3 - 3*c**2 + 2*c + 2. Let i be r(d). What is the highest common factor of 10 and i?
10
Let k be (2/(-3))/((-3)/18). Let x(l) = 4*l - 2. Let p be x(-6). Let m = p - -38. Calculate the highest common factor of m and k.
4
Let l = 14 + -10. Suppose 3*d - l*d - g + 3 = 0, -g = 2*d - 7. Suppose -2*c = -d - 86. Calculate the greatest common divisor of c and 9.
9
Suppose 3*o = g - 48, o = 3*g - 142 - 2. Calculate the greatest common factor of g and 32.
16
Let o(q) = 14*q**3 - 5*q**2 + 10*q - 2. Let p be o(2). Let j = 3 + -3. Suppose 5*f + l = -2*l + 119, j = l - 3. What is the highest common factor of p and f?
22
Let f be -1*(-132 - (-6)/3). Suppose -2*z - f = -7*z. Calculate the highest common factor of 39 and z.
13
Let s(g) = -g**3 - 15*g**2 + 15*g - 15. Let j be s(-16). What is the highest common factor of 7 and j?
1
Let q = 560 + -196. Let s be (-2)/6 + q/21. What is the greatest common factor of s and 68?
17
Suppose 3*c + c - 36 = 0. Let p(x) = x**3 - 4*x**2 + 7*x - 7. Let z be p(7). Suppose -2*f = f - z. Calculate the highest common divisor of f and c.
9
Suppose 11 = v - 24. Suppose -20 + 50 = -5*y. Let t be ((-42)/8)/(y/16). Calculate the highest common factor of v and t.
7
Let v(l) = 2*l**3 - 6*l**2 - 5*l. Let c be v(4). What is the greatest common factor of 8 and c?
4
Let j = 31 + -15. Let g(o) = -o**3 + o**2 - o + 40. Let p be g(0). What is the greatest common factor of p and j?
8
Suppose 5*t - 2*n = 53, 2*n = -5*t - 0*n + 57. What is the highest common divisor of 88 and t?
11
Let u be 2/(-1 + 7/6). Let g(f) = -2*f + 4 - 1 + f. Let l be g(-9). Calculate the greatest common divisor of u and l.
12
Let h(p) = 0 - 2 - p - 5*p - 2. Let f be h(-8). What is the greatest common divisor of 66 and f?
22
Suppose -52 = -4*m + 4*v, -2*m + 2*v - 4*v + 14 = 0. Let s be (-6)/15*(-1 - 199). What is the greatest common divisor of s and m?
10
Let l be 0 + 1 + 156/6. Let k = l - -36. Suppose -k = -z - 2*z. What is the greatest common divisor of 84 and z?
21
Suppose -3*n = 2*n + w - 50, n - 14 = -w. Suppose 3*x = 3*f - 93, -3*x + 0 = -n. Let h = -6 + f. What is the greatest common divisor of 7 and h?
7
Let r be 5*((2 - -1) + 0). Suppose -v + r + 6 = 0. What is the greatest common factor of v and 147?
21
Let k(w) = -6*w + 3. Let y = 4 - 1. Let s be k(y). Let c = 31 + s. Calculate the greatest common divisor of c and 48.
16
Let w(n) = 9*n + 5*n**2 + 5 - 3*n - n**2. Let p be w(5). Suppose -35 = 5*m - p. Calculate the greatest common factor of 30 and m.
10
Let f be 1/(-2) - (-30)/(-4). Let s = f - -13. Suppose -i + s*d = -58, -i - d + 65 = d. Calculate the highest common factor of 21 and i.
21
Let u = 32 + 45. Let l = -24 - -35. Calculate the highest common divisor of u and l.
11
Suppose -49*o = -47*o - 36. What is the greatest common factor of o and 36?
18
Let i be 2/(-4) - 1/(-2). Suppose -o + 10 = -i*o. Calculate the highest common divisor of o and 110.
10
Suppose -9 = -3*o - d, -3*o - 2 = 2*o - 4*d. Let p be 1/(-2) - (-3)/o. Let j = 39 + -28. What is the highest common divisor of j and p?
1
Suppose -3*r + 0*r = -63. What is the greatest common factor of r and 189?
21
Suppose -2*m + 3*m - 72 = 0. Calculate the greatest common divisor of m and 24.
24
Suppose 113 = 3*j - 5*o, -j + 3*o = 2*j - 111. Calculate the highest common factor of 9 and j.
9
Let m = 4 - -1. Suppose 0*i - 5*i = 4*l - 411, 0 = -3*l - m*i + 312. Suppose -f = 2*f - 33. What is the greatest common factor of f and l?
11
Let v be (-158)/(-14) - (-8)/(-28). Suppose 2*s - 2*a - 79 = -5*a, 0 = -s - 4*a + 32. Calculate the highest common factor of s and v.
11
Let u = 1105 + -692. Suppose 3*p + 1829 = 5*s + u, 0 = s - p - 282. Let t = s + -125. Calculate the highest common factor of 20 and t.
20
Let q(p) be the first derivative of -p**2/2 + 57*p - 1. Let y be q(0). What is the greatest common divisor of y and 38?
19
Let i(c) = c**2 - c - 28. Let x be i(12). Calculate the greatest common factor of 13 and x.
13
Suppose -3*z - 32 = -11*z. What is the highest common factor of z and 68?
4
Suppose 2*u + 19 = 2*i + 3*u, -31 = -2*i - 5*u. Let o = -26 + 80. Suppose 0 = 2*m - 5*z - o, 0 = 5*z - 5 - 5. What is the highest common divisor of m and i?
8
Let c = -6 + 35. Let v(m) = 8*m**3 + m**2 + m + 4. Let y be v(3). What is the highest common divisor of c and y?
29
Let n(c) = 2*c**2 - 5*c + 14. Let t = -20 + 26. Let s be n(t). Calculate the highest common divisor of 7 and s.
7
Suppose -q - 3*q = 4*r - 8, 5*r - 5*q - 20 = 0. Suppose -15 = -3*n - r*p, -5*p + 17 + 0 = n. What is the highest common factor of n and 14?
2
Suppose -21 = 3*l - 111. Suppose 0 = -2*s + 44 - 4. Calculate the highest common factor of l and s.
10
Let q(p) = -p**3 - p**2 + 2*p + 24. Let g be q(0). Calculate the greatest common divisor of g and 60.
12
Let u = -5 + 9. Let j be (-4)/(u/(-49)) + -1. Let s be (j/10)/(9/30). What is the highest common divisor of s and 16?
16
Let o(p) = 3*p**2 - 2*p + 1. Let m be o(1). Suppose h = 11 - m. Calculate the greatest common divisor of 36 and h.
9
Let c be ((-10)/50)/(2/(-130)). Calculate the greatest common divisor of c and 39.
13
Let z = -15 + 23. What is the highest common divisor of z and 64?
8
Let p be (3 + 107)/((-2)/(-2)). Let i = -12 + 22. What is the greatest common factor of i and p?
10
Suppose 0 = -r + 61 + 7. Suppose 0 = -3*u - 2*u - 2*q + 352, r = u + q. What is the greatest common factor of 9 and u?
9
Let p be (2 - 1/1)/(-1). Let a be 6 + p/(1 + 0). Suppose 4*v - v - 67 = -a*c, 25 = 5*c. What is the highest common factor of v and 35?
7
Suppose -3*r + 0*r + 4*f = -14, -7 = -4*r + 3*f. Let c be 4 - (-12)/(6 + r). Calculate the greatest common divisor of c and 42.
7
Suppose -t = -6 - 12. Suppose -3*r + 0 + t = 0. Let j be (78/4)/(r/8). Calculate the highest common divisor of j and 39.
13
Let z = -13 + 18. Let f(s) = 3*s**2 - 7*s. Let w be f(z). Suppose 0 = c + 3*c - w. Calculate the greatest common divisor of c and 25.
5
Let r = -1 + 8. Suppose 3*z + r = 28. Let k = 55 + -27. What is the highest common divisor of z and k?
7
Suppose 3*n - 27 = -5*p + 2*p, 2*n + 2 = 2*p. Suppose -5*a = -a + 60. Let t be a/(-10) - 53/(-2). What is the highest common divisor of n and t?
4
Let a be 2*1/(2/4). Let u be (a - 1)/((-2)/(-160)). Calculate the highest common divisor of 30 and u.
30
Let p be 9 - 2*(0 + -1). Let y = 15 - p. What is the highest common factor of y and 1?
1
Let l be ((-2)/(-4))/(1/44). Suppose 5*o - 3*s + 10 = 0, -s - s = 3*o + 25. Let j be (6/(-15) + 0)*o. Calculate the highest common factor of j and l.
2
Let v(f) = -4*f + 2. Let x be v(-3). Suppose 0*z + 49 = 7*z. Calculate the greatest common factor 